+ 3*y = 59*t + 99, -t = 5*y - 101. Calculate the greatest common divisor of 7296 and t.
96
Let v be 91/3*3*1. Let i(b) = -2*b**3 + 3*b**2 - 5*b + 14. Let r be i(5). Let u = r - -199. What is the greatest common factor of v and u?
13
Let q(o) = -37*o - 5. Let v be q(-5). Let l = -5809 - -5829. Calculate the highest common divisor of v and l.
20
Let j be 0 + 288/28 - 42/147. What is the greatest common factor of 230 and j?
10
Suppose 4*w - 83 = -3. Suppose -6 + w = m. Let i = 1737 - 1667. What is the greatest common factor of m and i?
14
Suppose -3538 - 662 = -20*p. Let d(f) = -5*f - 5. Let i be d(-8). What is the greatest common divisor of p and i?
35
Let y be (-3)/9*-9 - -1. Suppose -3*o - v + 6 = -8, 0 = v + y. Suppose 191 = o*d - 7. Calculate the highest common factor of d and 66.
33
Suppose 113*v - 110*v = -9. Let w(c) = c**3 + 5*c**2 + 7*c + 14. Let o be w(v). What is the greatest common factor of o and 308?
11
Let a be (-6150)/1845*(-3435)/2. Calculate the highest common factor of 50 and a.
25
Suppose -28*j = -43*j + 660. Let q = j + 21. Calculate the highest common divisor of q and 39.
13
Suppose 5*o + 407 = 6*i, o = i + 2*o - 77. Calculate the greatest common divisor of i and 1656.
72
Let f(i) = -i**3 + 8*i**2 - 8*i. Let t be f(4). What is the greatest common factor of 568 and t?
8
Let d(b) = 11*b**3 - 9*b**2 - 29*b + 332. Let k be d(10). What is the greatest common divisor of 33 and k?
11
Let t = -19984 - -19993. What is the highest common divisor of t and 29439?
9
Let q be ((-345)/92)/((-9)/1416). What is the greatest common factor of 50 and q?
10
Let o(g) = 28*g**2 - 38*g**2 + 11 + 9*g + 11*g**2. Let b be o(-7). Let q be (10/2)/((-3)/(-3 + b)). What is the highest common divisor of 40 and q?
10
Let h = -1 - -4. Suppose -8*r + 4*r + 68 = -5*y, y = -h*r + 70. Let p be ((-54)/21 + 2)*28/(-8). What is the greatest common divisor of r and p?
2
Suppose 737 = r - 3*m - m, 0 = -3*r - 4*m + 2163. Let s = r - 333. What is the highest common divisor of 147 and s?
49
Suppose 5*w = -2*s + 182, 5*s + 0*w - 409 = -w. Let p(k) = -3*k - 21 - 9 + 3 - 3. Let z be p(-19). What is the highest common divisor of z and s?
27
Suppose -78*v + 76*v = 10, -215 = -2*y + 5*v. Calculate the highest common divisor of 6745 and y.
95
Let k = -86 + 122. Calculate the highest common divisor of 7332 and k.
12
Suppose 101 = 27*n - 601. Let v(p) = 13*p**2 + 3*p - 2. Let w be v(5). Calculate the greatest common divisor of w and n.
26
Let t(b) = 2*b - 6. Let d be t(5). Suppose 0 = -159*p + 163*p - 4096. Suppose 1016*a = p*a - 32. Calculate the highest common divisor of a and d.
4
Let s = 147 - 135. Suppose 4*j - s = -4*d, -4*d + 6*d - j = 0. Calculate the greatest common factor of d and 43.
1
Suppose -39*d - 34*d + 198324 = 11*d. Calculate the highest common divisor of d and 6.
3
Suppose -18*u + 24 = -6*u. Suppose u*d - 720 = -10*d. Let x(l) = -3*l. Let t be x(-5). Calculate the greatest common factor of d and t.
15
Let q = -453 - -2570. What is the highest common divisor of q and 292?
73
Suppose 4*y = -3*d + 51, -3*y = 2*y + 5*d - 60. Let b(p) = p**3 - 14*p**2 + p + 31. Let j be b(14). Calculate the highest common divisor of y and j.
15
Let r be 430/(-40)*-4 - (0 + -2). What is the highest common divisor of r and 405?
45
Suppose 2*d = 5*p - 337, -4*p + 234 + 34 = -2*d. Let n = p - -3. What is the highest common divisor of n and 27?
9
Suppose 0 = -27*k + 25*k. Suppose k = 3*t - 2*d - 1, -6 = -2*t + 4*d. Let h be -1 - -3 - (t - 140). What is the greatest common divisor of 11 and h?
11
Let o(t) = 7*t**3 + 12*t - 56. Let f be o(4). Let x = -4 - -59. Calculate the greatest common divisor of x and f.
55
Suppose -188*x - 6678 = -202*x. Calculate the highest common factor of 2809 and x.
53
Suppose 19*c + 149*c - 18267 - 18861 = 0. Calculate the greatest common divisor of c and 416.
13
Suppose 50*t = 47*t + 12. Suppose 10*z - t*z = 12. Suppose 0 = s + 2*x - 12, 0*s = -z*s - 2*x + 26. Calculate the greatest common divisor of 126 and s.
14
Let f be (0 - -1)/(1/(-8)*-2). Suppose -f*c + 78 = s, 144 + 201 = 4*s + 5*c. Suppose 0 = 4*p - p - s. What is the greatest common factor of p and 12?
6
Let p(u) = 2*u**2 - 74*u + 44. Let x be p(-40). What is the greatest common divisor of 94 and x?
94
Let o(s) = -79*s + 1114. Let i be o(11). What is the highest common divisor of i and 75?
5
Let i(c) = -74*c - 618. Let n(k) = -22*k - 206. Let f(g) = -4*i(g) + 11*n(g). Let b be f(9). Calculate the greatest common factor of b and 4.
4
Let y = -32451 - -62959. What is the highest common divisor of 116 and y?
116
Let z be (24/(-7))/(6/63). Let i = z - -147. Let m = i - 21. Calculate the greatest common divisor of m and 10.
10
Suppose -3*u + 71 = 2*b, 2*u - 194*b - 48 = -196*b. What is the highest common factor of u and 6233?
23
Let h = 17333 + -17201. What is the greatest common divisor of h and 84?
12
Suppose b + 0*b - 2*v - 181 = 0, -3*v = -b + 185. Suppose 3*q - 7 = b. What is the greatest common factor of q and 105?
15
Let h be (1056/120 - 6) + (-49456)/(-80). Suppose 0 = -3*p + 6 - 3, 4*f = 3*p + 105. Calculate the highest common divisor of f and h.
27
Let m be 3/(-1)*50/30. Let r(i) = -32*i + 1. Let u be r(m). Let o(p) = 12*p + 11. Let s be o(1). Calculate the highest common divisor of s and u.
23
Suppose 10*l - 3042 - 1088 = 0. Let m = l + -125. What is the greatest common divisor of 36 and m?
36
Suppose 0 = 4*y + 3*x - 272, -6*y = -y + x - 340. Let z = y + -67. Let w be (-672)/(8/(-2))*z. What is the greatest common divisor of w and 24?
24
Let q = 23498 - 23491. Calculate the highest common divisor of q and 5936.
7
Let d be 168/189*(-297)/(-44). What is the greatest common factor of 7158 and d?
6
Suppose x = -0*x + 106. Let j = 163 - x. What is the greatest common factor of j and 95?
19
Suppose -3*n - 228 + 708 = 0. Let c = 199 - 405. Let v = c + 238. What is the highest common divisor of v and n?
32
Let d = -3058 + 3076. Suppose 0 = -v - 4*n - 20, 3*n + 10 = -3*v + n. Suppose -5*m = -v*m - 315. Calculate the highest common divisor of d and m.
9
Suppose 2*o = -5*x + 1823, -x = 5*o - 3265 - 1304. Let n = o + -609. Calculate the highest common factor of 61 and n.
61
Let y be (-2)/(14/7*-1). Suppose -2*c = -d - 7*c - y, 4*d = -4*c + 44. What is the highest common factor of 2 and d?
2
Suppose 9*n - 2*j - 11943 = 6*n, n = -3*j + 3992. What is the highest common divisor of n and 14?
7
Let n = 13942 - 13906. Calculate the greatest common factor of 1458 and n.
18
Let j = -642107 + 642140. Let g(t) = t**3 - 3*t + 1. Let b be g(2). What is the highest common divisor of j and b?
3
Suppose -28*t - 16824 = -100*t + 10896. What is the highest common divisor of t and 1505?
35
Suppose 7 = 2*d - 3. Let o = 20 + d. Let c be ((-9)/(-6))/(-3*(-4)/200). Calculate the greatest common divisor of o and c.
25
Suppose -4*g + 4 + 60 = 0. Let f = -6 - -11. Suppose f*x = 3 + 37. What is the greatest common factor of g and x?
8
Let o be (-391)/(-7) - 2/(-1)*1/14. What is the highest common factor of 252 and o?
28
Let d(w) = 830*w - 8268. Let m be d(10). Calculate the highest common factor of 212 and m.
4
Suppose 0 = 25*p - 29*p - 32. Let v be (-2)/p + 190/40. Suppose -3*g + v*g = 64. Calculate the highest common divisor of g and 80.
16
Suppose 12*t + 6298 = 5*q, 2*q = -3*q + t + 6254. Calculate the greatest common factor of 50 and q.
50
Let r(m) = 5*m + 16. Let y be r(-4). Let v be (-8)/(6 + y) + 28. What is the greatest common factor of v and 120?
24
Let d be (-4)/(-14) + (-42)/147. Suppose -3*f + d*f + r = -28, 5*f = -2*r + 32. Suppose x - 15 = f. Calculate the highest common divisor of x and 207.
23
Suppose 6 = -124*k + 127*k. What is the greatest common divisor of 1286 and k?
2
Let z = -343 + 348. Let d be 10*(-1*38/(-4) - z). What is the highest common divisor of 108 and d?
9
Suppose -x = z - 28, z - 7 = 3*x + 21. Let b be ((-154)/z)/((-2)/32). Calculate the highest common factor of 66 and b.
22
Let i be -4 + 333/6 + (-4)/8. Let f be i + ((-24)/(-3))/(-2). What is the greatest common divisor of 47 and f?
47
Let l be ((-1177380)/(-48))/31 + 1/(-4). Calculate the greatest common factor of 14 and l.
7
Let j be 5/(-15) - (-42)/18. Let d be ((-8)/(-6) - j)/((-10)/2730). Calculate the highest common divisor of 52 and d.
